) = -4*s**3 - 8*s**2 + 16*s - 14. Let q(d) = -6*g(d) + 5*t(d). Calculate q(1).
-2
Let p(g) = 5*g + 12. Let u(m) be the third derivative of m**4/8 + 4*m**3/3 - 5*m**2. Let a(x) = 5*p(x) - 8*u(x). Calculate a(0).
-4
Let g(d) = -d**3 + 16*d**2 + 195 - 132 - 17*d**2. Determine g(0).
63
Let f(r) be the first derivative of r**4/12 + 4*r**3/3 + r**2 + 13*r + 15. Let c(v) be the first derivative of f(v). Let q = -8 - -1. Give c(q).
-5
Suppose -2*j = 5*g - 9, 0 + 6 = -j + g. Let t(i) = -3*i + 5. Let q(o) = 8*o - 12. Let u(l) = 2*q(l) + 5*t(l). Give u(j).
-2
Let l be 0/1 + (4 - 2) + 1. Suppose -4*o - l*o - 14 = 0. Let d(b) = b**3 + 2*b**2 - b - 2. What is d(o)?
0
Let s(u) = 3*u + 1. Let a(r) = 13*r + 6. Let x(h) = -a(h) + 5*s(h). Let q(v) = -v - 6. Let g be q(-5). Give x(g).
-3
Let d = 29 + -29. Suppose d = x - 3*x + 14. Let g(a) = -x*a - 8*a + 16*a + 2. What is g(-6)?
-4
Suppose -143*f + 144*f = 5. Let n(g) be the second derivative of 5/6*g**3 - 1/4*g**4 + 5/2*g**2 + 0 - 1/20*g**f + g. Calculate n(-4).
1
Suppose -4*l - 5*m = 0, -4*m = -l - 8*m. Let h(c) = -c + 4 - 4 + 1 + l*c. What is h(0)?
1
Let y(d) = d**3 + 10*d**2 - 13*d + 3. Let m = -293 + 282. Determine y(m).
25
Suppose -5*a = -3*i - 9 + 31, -2*a - 2*i + 4 = 0. Let t(v) = -v**2 + 3*v + 2. Give t(a).
-8
Let v(p) = 0 - 2 - 6*p + 5*p**2 + p**3 + 0*p**3. Suppose 4*u = -2*o, 33*o - 35*o = -4*u + 24. Give v(o).
-2
Suppose 0*l = -3*l + 21. Let n(b) be the second derivative of b**4/12 - 4*b**3/3 - 2*b**2 + 105*b + 2. Calculate n(l).
-11
Let x(n) = -n**2 + 6*n + 3. Let f = 4 - 21. Let g = 20 + f. Give x(g).
12
Let b(t) = -2*t**2 - 6*t + 4. Let w(k) be the first derivative of -k**3/3 - 7*k**2/2 - 15*k + 2. Let m be w(-5). What is b(m)?
-16
Suppose -73*j = -67*j. Let z(u) = -4*u**2 + 3*u + 2. Let a(b) = -3*b**2 + 2*b + 1. Let d(n) = 3*a(n) - 2*z(n). Give d(j).
-1
Let n(v) = -4*v**2. Let s(i) = 6*i + 8. Let r = -29 - -25. Let d be s(r). Let u = 17 + d. Give n(u).
-4
Let d = 7 + 3. Let g(i) = -2 + i - i**2 + 4*i - 4*i + d. Calculate g(0).
8
Let i(r) = 21*r**2 + 2*r - 2. Let f be 6/(-60)*-5*2. What is i(f)?
21
Let a(z) be the first derivative of -2*z**3/3 + 3*z**2 + 5*z - 234. Calculate a(4).
-3
Let y(f) = 36*f - 8. Let z(h) = -13*h + 3. Let x(u) = -4*y(u) - 11*z(u). Calculate x(5).
-6
Suppose -2*g + 23 = 33. Let z(p) = -p - 3. Determine z(g).
2
Let z(k) = 8*k + 3. Let d(n) = -n**2 - 2*n - 2. Let g = -6 + 8. Suppose -g*i - 2 = 2. Let h be d(i). What is z(h)?
-13
Let i(t) be the second derivative of -t**5/20 + 5*t**4/12 - t**3/6 - 2*t**2 - 16*t. Suppose 0 = -j - 5*j + 24. Determine i(j).
8
Let v(u) be the first derivative of u**5/120 + u**4/3 - 5*u**3/3 - 26. Let z(y) be the third derivative of v(y). What is z(0)?
8
Let k = 2128 + -2123. Let z(f) = 3 + 3*f**2 + 3*f + f**2 - 5*f**2. What is z(k)?
-7
Let b(n) = -5*n**3 + 4*n**2 + 31*n - 21. Let v(r) = r**3 - r**2 - 6*r + 4. Let a(s) = 2*b(s) + 11*v(s). Let m be a(4). Let o(d) = -2*d. Give o(m).
-4
Suppose 6*y - 6 = 3*y. Let i(z) = 4*z**3 - z**2 + 7*z - 5. Let q = -3 - -6. Let k(c) = -7*c**3 + 3*c**2 - 13*c + 9. Let v(p) = q*k(p) + 5*i(p). Give v(y).
2
Let b be (4 + 21/(-6))/(8/(-96)). Let c(g) = -1 - 1 + 8 + 2*g. Determine c(b).
-6
Let j(y) be the first derivative of -3/2*y**2 + 6*y - 1. Suppose 24 = 3*b - 4*x, 3*b + 5*x = -b + 1. Determine j(b).
-6
Let x(v) be the third derivative of 1/6*v**3 + 0 - 1/120*v**6 + 0*v + 7/24*v**4 - 3*v**2 - 1/12*v**5. Determine x(-6).
-5
Let j(b) = 4*b + 4. Suppose -27*z + 49 = -34*z. Determine j(z).
-24
Suppose -3*b - 4*y = 18, 5*y + 13 = -57*b + 58*b. Let r(t) = -t**2 - 1. Calculate r(b).
-5
Let r(x) = 2*x**3 - 2*x**2 + 1. Suppose 17*q = 20*q + 9. Let a be (q - (-3 - 2)) + 0. Give r(a).
9
Suppose -12*l + 26 - 2 = 0. Let r(u) = -288*u**2 - 293*u**l + 572*u**2 - 10*u + 4 + u**3. What is r(10)?
4
Let h be (-2 + 4)*26/(-4). Let p = 16 + h. Let n(z) = -1 - p*z**2 + 3*z - 2 - z**3 + 2*z**3. Calculate n(2).
-1
Suppose -v + 4*j = -2, -5*v = -0*v + 4*j - 10. Suppose -3*y + v*y - 12 = o, 0 = y + 3*o + 22. Let r(g) = -g - 9. Give r(y).
-2
Let n be ((-10)/4)/((-3)/(-6)). Let f(u) = u**3 + 3*u**2 - 5*u - 4. What is f(n)?
-29
Let u = -25 + 22. Let h be (10/(-4))/(u/(-6)). Let f(j) = -j**3 - 6*j**2 - 3*j + 7. Give f(h).
-3
Let d(f) = 10*f + 2. Let c = -607 + 609. Calculate d(c).
22
Let f(v) = v**2 + 4*v - 2. Let d(c) = 5*c - 2 - 4 - 4*c. Let k be d(2). What is f(k)?
-2
Let x(n) be the third derivative of 0*n**5 + 32*n**2 - 1/24*n**4 + 0*n + 0 + 1/120*n**6 - 5/6*n**3. Let w(h) = -h**3 + 1. Let j be w(1). Calculate x(j).
-5
Let c(p) = p - 13. Let b(n) = -2 + 1 - 9*n**2 + 6*n**2 + 4*n**2. Let d be b(-1). Calculate c(d).
-13
Let j = -3231 - -3235. Let v(x) = -6*x - 9. Give v(j).
-33
Suppose 5*t = 5, -2*t - 609 = -5*c - t. Let b(k) = -2 - c*k + 133*k + 1. Calculate b(1).
10
Let w(v) = 10*v - 7*v**2 + 0*v**2 + 8*v**2 - 7 - 10 + 0*v**2. Determine w(-11).
-6
Let p(t) be the first derivative of -t**3/3 + 3*t**2 - 343. Suppose 2*m + 1 = -3*z, 2*z + 2*z + 2*m = -2. Let r be (z/1)/((-1)/5). Determine p(r).
5
Let u(c) be the first derivative of 9*c**2 - 2*c + 391. Give u(-3).
-56
Let p(w) = -7*w**3 - 5*w - 1. Let g(h) = h**3 + h**2. Let f(q) = 6*g(q) + p(q). What is f(6)?
-31
Let p(i) = -13*i**2 - i - 13. Let k(z) = z**3 + 12*z**2 + 6. Let c be k(-12). Let j(v) = 7*v**2 + 7. Let l(d) = c*p(d) + 11*j(d). What is l(-5)?
4
Let d(s) = -9*s + 9. Let q be d(5). Let w = 35 + q. Let m(v) = -v - 1. Give m(w).
0
Let l(b) = -b**2 - 4*b. Let a be 8/(-6)*3/2. Let d be l(a). Let f(h) = -4*h**2 - h**2 - 7*h - 28 + d*h**2 + 29. Calculate f(-7).
1
Let l(p) = 3*p - 6*p + 14 - 11 - p**2. Suppose -4*m + 54 = -13*m. What is l(m)?
-15
Let f(v) = -v**2 + 4*v - 1. Let n be f(4). Let m(d) = 7*d**3 + 2*d**2 + 1. Let i(q) = -q**2 - 1. Let o(t) = 2*i(t) + m(t). Determine o(n).
-8
Let i(s) = 3*s**2 + 6*s + 3. Let g be i(-2). Let r(x) = 2*x**g + x**2 - x**3 + x - 2*x**2. What is r(1)?
1
Let c(n) = n**2 - 6*n + 1. Let w(h) = -16*h - 8. Let j be w(-2). Suppose -j = -13*x + 9*x. Give c(x).
1
Let d(f) = -f**2 + 5*f - 8. Let a be d(4). Let p be (-6)/(-9) + ((-60)/(-9))/a. Let w(i) = 11*i**2 + i. What is w(p)?
10
Let r(x) = x**2 + 6*x. Let a(i) = -3*i**2 - 9*i + 3. Let y(s) = -a(s) - r(s). Give y(2).
11
Let i(c) = 56*c + 6*c**2 - 8 - 34*c - 5*c**2 - 27*c. What is i(5)?
-8
Let t(d) = -2*d**2 + 2. Let w = 38 + -44. Let y be 0 - ((-36)/(-21) - w/21). What is t(y)?
-6
Let c(b) = -b**3 + 13*b**2 - 23*b + 9. Let z(h) = 2*h**3 - 4*h**2 + 6*h - 1. Let p be z(2). Give c(p).
-2
Let h(j) = -2*j**2 + 2*j**2 - j**2 + 1209*j - 14 - 1199*j. What is h(7)?
7
Suppose -5*o + 36 = 11. Let q(w) = 0 - 7 + 5*w - 11*w + 9*w. Give q(o).
8
Let m = 24 + -13. Suppose m*o - 10*o = 20. Let w be 10/o + 15/(-2). Let p(s) = -s**3 - 8*s**2 - 5*s + 9. Calculate p(w).
-5
Suppose 3*p = 6*p - 27. Let g(o) = 6 + 0*o + 9 - p*o - 16. Let t(h) = -h**2 - h + 1. Let q be t(1). What is g(q)?
8
Suppose 53*c - 459 = 2*c. Let p(r) = r - 4. Calculate p(c).
5
Suppose 0 = 14*d - 483 - 329. Let w = d - 65. Let a(z) = z - 4. Give a(w).
-11
Let k(a) = 3*a + a + 9 - 2*a. Let d be k(-4). Suppose d = -5*y + 6. Let w(q) = -10*q + 1. Give w(y).
-9
Let d(r) be the third derivative of -r**4/24 + 19*r**3/6 + 280*r**2. Give d(17).
2
Let q be 48/15 + -3 - (-168)/10. Let y(f) = 16*f - q*f + 3 - 6. What is y(6)?
-9
Suppose -52 = -2*k - k + 5*v, k = -5*v - 16. Suppose 3*a + k = 6. Let i(c) = -7*c - 1. Determine i(a).
6
Let u(p) = -4*p**2 - 9*p + 5. Let r(d) = 3*d**2 + 8*d - 4. Suppose -10*z - 5 = -9*z. Let w(v) = z*r(v) - 4*u(v). What is w(3)?
-3
Let c(h) = h**2 - 11*h - 13. Suppose 79*t = 14*t + 845. Determine c(t).
13
Let j(q) be the third derivative of -7*q**6/60 + q**4/24 - q**2 + 18. What is j(1)?
-13
Let k be -9*(-10)/15 + -2. Let a(o) = -12 + k*o + 19 - 3*o. What is a(-6)?
1
Let c(x) = -x**3 + 18*x**2 + 22*x - 62. Let s be c(19). Let q(g) = -g**2 - 5*g - 2. What is q(s)?
-2
Let f be (14/(-49))/(1/(-7)). Let k(i) = -4*i + 4. Give k(f).
-4
Suppose -2*x + 30 = 2*c, -2*c = 2*x - 3*x - 27. Let g = c - 7. Let k(u) = u**3 - 8*u**2 + 7*u - 6. Calculate k(g).
-6
Let v(l) be the third derivative of -l**5/20 + l**3/2 - 37*l**2 - l. Calculate v(3).
-24
Suppose -8 = -4*t, 4*z - 3*t - 1 = -35. Let r be -5*2/(-20)*132. Let o(w) = 23 + 31 - r + 22 + w. Determine